{"id":8,"date":"2023-10-11T17:12:22","date_gmt":"2023-10-11T17:12:22","guid":{"rendered":"https:\/\/margareteaquila.com.br\/binaural\/?page_id=8"},"modified":"2023-10-19T20:59:37","modified_gmt":"2023-10-19T20:59:37","slug":"inicio","status":"publish","type":"page","link":"https:\/\/margareteaquila.com.br\/binaural\/","title":{"rendered":"In\u00edcio"},"content":{"rendered":"\t\t<div data-elementor-type=\"wp-post\" data-elementor-id=\"8\" class=\"elementor elementor-8\" data-elementor-post-type=\"page\">\n\t\t\t\t<div class=\"elementor-element elementor-element-479cdf2 e-flex e-con-boxed e-con e-parent\" data-id=\"479cdf2\" data-element_type=\"container\" data-settings=\"{&quot;background_background&quot;:&quot;slideshow&quot;,&quot;background_slideshow_gallery&quot;:[{&quot;id&quot;:10,&quot;url&quot;:&quot;https:\\\/\\\/margareteaquila.com.br\\\/binaural\\\/wp-content\\\/uploads\\\/2023\\\/10\\\/background003.png&quot;}],&quot;background_slideshow_slide_duration&quot;:5000,&quot;background_slideshow_slide_transition&quot;:&quot;fade&quot;,&quot;background_slideshow_transition_duration&quot;:500}\">\n\t\t\t\t\t<div class=\"e-con-inner\">\n\t\t<div class=\"elementor-element elementor-element-3193b53 e-con-full e-flex e-con e-child\" data-id=\"3193b53\" data-element_type=\"container\">\n\t\t\t\t<div class=\"elementor-element elementor-element-7fc5cc7 elementor-widget elementor-widget-image\" data-id=\"7fc5cc7\" data-element_type=\"widget\" data-widget_type=\"image.default\">\n\t\t\t\t<div class=\"elementor-widget-container\">\n\t\t\t<style>\/*! elementor - v3.21.0 - 15-04-2024 *\/\n.elementor-widget-image{text-align:center}.elementor-widget-image a{display:inline-block}.elementor-widget-image a img[src$=\".svg\"]{width:48px}.elementor-widget-image img{vertical-align:middle;display:inline-block}<\/style>\t\t\t\t\t\t\t\t\t\t<img decoding=\"async\" width=\"479\" height=\"83\" src=\"https:\/\/margareteaquila.com.br\/binaural\/wp-content\/uploads\/2023\/10\/binaural-logo-1.png\" class=\"attachment-large size-large wp-image-271\" alt=\"\" srcset=\"https:\/\/margareteaquila.com.br\/binaural\/wp-content\/uploads\/2023\/10\/binaural-logo-1.png 479w, https:\/\/margareteaquila.com.br\/binaural\/wp-content\/uploads\/2023\/10\/binaural-logo-1-300x52.png 300w\" sizes=\"(max-width: 479px) 100vw, 479px\" \/>\t\t\t\t\t\t\t\t\t\t\t\t\t<\/div>\n\t\t\t\t<\/div>\n\t\t\t\t<\/div>\n\t\t<div class=\"elementor-element elementor-element-85444cb e-con-full e-flex e-con e-child\" data-id=\"85444cb\" data-element_type=\"container\">\n\t\t\t\t<\/div>\n\t\t<div class=\"elementor-element elementor-element-295cb13 e-con-full e-flex e-con e-child\" data-id=\"295cb13\" data-element_type=\"container\">\n\t\t\t\t<\/div>\n\t\t<div class=\"elementor-element elementor-element-734d86e e-con-full e-flex e-con e-child\" data-id=\"734d86e\" data-element_type=\"container\">\n\t\t\t\t<div class=\"elementor-element elementor-element-50013ff elementor-view-stacked elementor-widget-mobile__width-initial elementor-shape-circle elementor-widget elementor-widget-icon\" data-id=\"50013ff\" data-element_type=\"widget\" data-widget_type=\"icon.default\">\n\t\t\t\t<div class=\"elementor-widget-container\">\n\t\t\t\t\t<div class=\"elementor-icon-wrapper\">\n\t\t\t<a class=\"elementor-icon\" href=\"https:\/\/margareteaquila.com.br\/binaural\/como-usar\/\">\n\t\t\t<i aria-hidden=\"true\" class=\"fas fa-book-reader\"><\/i>\t\t\t<\/a>\n\t\t<\/div>\n\t\t\t\t<\/div>\n\t\t\t\t<\/div>\n\t\t\t\t<\/div>\n\t\t<div class=\"elementor-element elementor-element-1a891e1 e-con-full e-flex e-con e-child\" data-id=\"1a891e1\" data-element_type=\"container\">\n\t\t\t\t<div class=\"elementor-element elementor-element-2a7fbf3 elementor-widget elementor-widget-text-editor\" data-id=\"2a7fbf3\" data-element_type=\"widget\" data-widget_type=\"text-editor.default\">\n\t\t\t\t<div class=\"elementor-widget-container\">\n\t\t\t<style>\/*! elementor - v3.21.0 - 15-04-2024 *\/\n.elementor-widget-text-editor.elementor-drop-cap-view-stacked .elementor-drop-cap{background-color:#69727d;color:#fff}.elementor-widget-text-editor.elementor-drop-cap-view-framed .elementor-drop-cap{color:#69727d;border:3px solid;background-color:transparent}.elementor-widget-text-editor:not(.elementor-drop-cap-view-default) .elementor-drop-cap{margin-top:8px}.elementor-widget-text-editor:not(.elementor-drop-cap-view-default) .elementor-drop-cap-letter{width:1em;height:1em}.elementor-widget-text-editor .elementor-drop-cap{float:left;text-align:center;line-height:1;font-size:50px}.elementor-widget-text-editor .elementor-drop-cap-letter{display:inline-block}<\/style>\t\t\t\t<p><strong>Como usar<\/strong><\/p>\t\t\t\t\t\t<\/div>\n\t\t\t\t<\/div>\n\t\t\t\t<\/div>\n\t\t<div class=\"elementor-element elementor-element-edcf4c3 e-con-full e-flex e-con e-child\" data-id=\"edcf4c3\" data-element_type=\"container\">\n\t\t\t\t<div class=\"elementor-element elementor-element-edc803c elementor-view-stacked elementor-shape-circle elementor-widget elementor-widget-icon\" data-id=\"edc803c\" data-element_type=\"widget\" data-widget_type=\"icon.default\">\n\t\t\t\t<div class=\"elementor-widget-container\">\n\t\t\t\t\t<div class=\"elementor-icon-wrapper\">\n\t\t\t<a class=\"elementor-icon\" href=\"https:\/\/margareteaquila.com.br\/binaural\/questionario\/\">\n\t\t\t<i aria-hidden=\"true\" class=\"fas fa-pencil-alt\"><\/i>\t\t\t<\/a>\n\t\t<\/div>\n\t\t\t\t<\/div>\n\t\t\t\t<\/div>\n\t\t\t\t<\/div>\n\t\t<div class=\"elementor-element elementor-element-55fbe4b e-con-full e-flex e-con e-child\" data-id=\"55fbe4b\" data-element_type=\"container\">\n\t\t\t\t<div class=\"elementor-element elementor-element-4a35e28 elementor-widget elementor-widget-text-editor\" data-id=\"4a35e28\" data-element_type=\"widget\" data-widget_type=\"text-editor.default\">\n\t\t\t\t<div class=\"elementor-widget-container\">\n\t\t\t\t\t\t\t<p><strong><span style=\"font-family: Overpass, sans-serif; white-space-collapse: preserve;\">Question\u00e1rio para pesquisa<\/span><\/strong><\/p>\t\t\t\t\t\t<\/div>\n\t\t\t\t<\/div>\n\t\t\t\t<\/div>\n\t\t<div class=\"elementor-element elementor-element-f2f781f e-con-full e-flex e-con e-child\" data-id=\"f2f781f\" data-element_type=\"container\">\n\t\t\t\t<div class=\"elementor-element elementor-element-296a203 elementor-view-stacked elementor-shape-circle elementor-widget elementor-widget-icon\" data-id=\"296a203\" data-element_type=\"widget\" data-widget_type=\"icon.default\">\n\t\t\t\t<div class=\"elementor-widget-container\">\n\t\t\t\t\t<div class=\"elementor-icon-wrapper\">\n\t\t\t<a class=\"elementor-icon\" href=\"https:\/\/margareteaquila.com.br\/binaural\/programacao\/\">\n\t\t\t<i aria-hidden=\"true\" class=\"fab fa-gitter\"><\/i>\t\t\t<\/a>\n\t\t<\/div>\n\t\t\t\t<\/div>\n\t\t\t\t<\/div>\n\t\t\t\t<\/div>\n\t\t<div class=\"elementor-element elementor-element-09b5e74 e-con-full e-flex e-con e-child\" data-id=\"09b5e74\" data-element_type=\"container\">\n\t\t\t\t<div class=\"elementor-element elementor-element-ccfe4a7 elementor-widget elementor-widget-text-editor\" data-id=\"ccfe4a7\" data-element_type=\"widget\" data-widget_type=\"text-editor.default\">\n\t\t\t\t<div class=\"elementor-widget-container\">\n\t\t\t\t\t\t\t<p><strong>Monte sua <\/strong><strong>Programa\u00e7\u00e3o Binaural <\/strong><\/p>\t\t\t\t\t\t<\/div>\n\t\t\t\t<\/div>\n\t\t\t\t<\/div>\n\t\t<div class=\"elementor-element elementor-element-c2c99c2 e-con-full e-flex e-con e-child\" data-id=\"c2c99c2\" data-element_type=\"container\">\n\t\t\t\t<div class=\"elementor-element elementor-element-051e846 elementor-view-stacked elementor-widget__width-initial elementor-shape-circle elementor-widget elementor-widget-icon\" data-id=\"051e846\" data-element_type=\"widget\" data-widget_type=\"icon.default\">\n\t\t\t\t<div class=\"elementor-widget-container\">\n\t\t\t\t\t<div class=\"elementor-icon-wrapper\">\n\t\t\t<a class=\"elementor-icon\" href=\"https:\/\/margareteaquila.com.br\/binaural\/pesquisa\/\">\n\t\t\t<i aria-hidden=\"true\" class=\"fas fa-microscope\"><\/i>\t\t\t<\/a>\n\t\t<\/div>\n\t\t\t\t<\/div>\n\t\t\t\t<\/div>\n\t\t\t\t<\/div>\n\t\t<div class=\"elementor-element elementor-element-a0e0925 e-con-full e-flex e-con e-child\" data-id=\"a0e0925\" data-element_type=\"container\">\n\t\t\t\t<div class=\"elementor-element elementor-element-0ccc88c elementor-widget elementor-widget-text-editor\" data-id=\"0ccc88c\" data-element_type=\"widget\" data-widget_type=\"text-editor.default\">\n\t\t\t\t<div class=\"elementor-widget-container\">\n\t\t\t\t\t\t\t<p><strong><span style=\"font-family: Overpass, sans-serif; white-space-collapse: preserve; text-align: var(--text-align); font-size: 1rem;\">Pesquisas\/Estudos e sugest\u00f5es de uso<\/span><\/strong><\/p>\t\t\t\t\t\t<\/div>\n\t\t\t\t<\/div>\n\t\t\t\t<\/div>\n\t\t<div class=\"elementor-element elementor-element-e03ed8f e-con-full e-flex e-con e-child\" data-id=\"e03ed8f\" data-element_type=\"container\">\n\t\t\t\t<div class=\"elementor-element elementor-element-5219e44 elementor-view-stacked elementor-widget__width-initial elementor-shape-circle elementor-widget elementor-widget-icon\" data-id=\"5219e44\" data-element_type=\"widget\" data-widget_type=\"icon.default\">\n\t\t\t\t<div class=\"elementor-widget-container\">\n\t\t\t\t\t<div class=\"elementor-icon-wrapper\">\n\t\t\t<a class=\"elementor-icon\" href=\"https:\/\/margareteaquila.com.br\/binaural\/comentarios\">\n\t\t\t<i aria-hidden=\"true\" class=\"fas fa-comment-alt\"><\/i>\t\t\t<\/a>\n\t\t<\/div>\n\t\t\t\t<\/div>\n\t\t\t\t<\/div>\n\t\t\t\t<\/div>\n\t\t<div class=\"elementor-element elementor-element-0f562e6 e-con-full e-flex e-con e-child\" data-id=\"0f562e6\" data-element_type=\"container\">\n\t\t\t\t<div class=\"elementor-element elementor-element-c43fb89 elementor-widget elementor-widget-text-editor\" data-id=\"c43fb89\" data-element_type=\"widget\" data-widget_type=\"text-editor.default\">\n\t\t\t\t<div class=\"elementor-widget-container\">\n\t\t\t\t\t\t\t<p><strong><span style=\"font-family: Overpass, sans-serif; white-space-collapse: preserve;\">Coment\u00e1rios<\/span><\/strong><\/p>\t\t\t\t\t\t<\/div>\n\t\t\t\t<\/div>\n\t\t\t\t<\/div>\n\t\t\t\t\t<\/div>\n\t\t\t\t<\/div>\n\t\t<div class=\"elementor-element elementor-element-f465587 e-flex e-con-boxed e-con e-parent\" data-id=\"f465587\" data-element_type=\"container\">\n\t\t\t\t\t<div class=\"e-con-inner\">\n\t\t\t\t<div class=\"elementor-element elementor-element-918ee47 elementor-widget elementor-widget-text-editor\" data-id=\"918ee47\" data-element_type=\"widget\" data-widget_type=\"text-editor.default\">\n\t\t\t\t<div class=\"elementor-widget-container\">\n\t\t\t\t\t\t\t<p>Margarete \u00c1quila &#8211; Todos os direitos reservados.<\/p>\t\t\t\t\t\t<\/div>\n\t\t\t\t<\/div>\n\t\t\t\t\t<\/div>\n\t\t\t\t<\/div>\n\t\t\t\t<\/div>\n\t\t","protected":false},"excerpt":{"rendered":"<p>Como usar Question\u00e1rio para pesquisa Monte sua Programa\u00e7\u00e3o Binaural Pesquisas\/Estudos e sugest\u00f5es de uso Coment\u00e1rios Margarete \u00c1quila &#8211; Todos os direitos reservados.<\/p>\n","protected":false},"author":1,"featured_media":0,"parent":0,"menu_order":0,"comment_status":"closed","ping_status":"closed","template":"elementor_canvas","meta":{"footnotes":""},"class_list":["post-8","page","type-page","status-publish","hentry"],"_links":{"self":[{"href":"https:\/\/margareteaquila.com.br\/binaural\/wp-json\/wp\/v2\/pages\/8","targetHints":{"allow":["GET"]}}],"collection":[{"href":"https:\/\/margareteaquila.com.br\/binaural\/wp-json\/wp\/v2\/pages"}],"about":[{"href":"https:\/\/margareteaquila.com.br\/binaural\/wp-json\/wp\/v2\/types\/page"}],"author":[{"embeddable":true,"href":"https:\/\/margareteaquila.com.br\/binaural\/wp-json\/wp\/v2\/users\/1"}],"replies":[{"embeddable":true,"href":"https:\/\/margareteaquila.com.br\/binaural\/wp-json\/wp\/v2\/comments?post=8"}],"version-history":[{"count":172,"href":"https:\/\/margareteaquila.com.br\/binaural\/wp-json\/wp\/v2\/pages\/8\/revisions"}],"predecessor-version":[{"id":443,"href":"https:\/\/margareteaquila.com.br\/binaural\/wp-json\/wp\/v2\/pages\/8\/revisions\/443"}],"wp:attachment":[{"href":"https:\/\/margareteaquila.com.br\/binaural\/wp-json\/wp\/v2\/media?parent=8"}],"curies":[{"name":"wp","href":"https:\/\/api.w.org\/{rel}","templated":true}]}}